-26 - d. What is the units digit of m?
2
Let i be (-2)/8 - 27/(-12). Suppose -102 = -4*o - i*h - 0*h, o - 2*h = 18. Suppose 0 = -5*n + 3*n + o. What is the units digit of n?
2
Let q(k) = 2*k**3 - k**2 + k. Let s be q(1). Suppose -s*t + 12 = -10. What is the units digit of t?
1
Let a = -18 + 30. Suppose -4*p - h = -55, -h - 3*h + a = 0. What is the units digit of p?
3
Let r = 1 - -3. Let w = -8 + r. What is the units digit of (-6)/(w/(48/9))?
8
Suppose 0 = -2*o - 2*d + 104, -3*d = -2*o - 0*d + 89. What is the units digit of o?
9
What is the units digit of 18/4*(6 + 4)?
5
Let y be (26/(-8))/(2/(-8)). Let w(j) = j**3 + 8*j**2 + 5*j - 12. Let l be w(-7). Suppose 0 = -3*k + 5*o + 31, -l*o = k - 5*o - y. What is the units digit of k?
7
Suppose 0 = 5*v - 2*m + 8, -m + 4*m = 12. Suppose n + 3*n - 36 = v. What is the units digit of n?
9
Let k(c) = -c**3 - 7*c**2 - 6*c - 10. Let f be k(-7). Suppose 2*b - 2 = 0, -3*z + 2*b = -9 + f. Let y = z + 22. What is the tens digit of y?
1
Let s be (-1 + 0 - -2)*3. Suppose s*t + 3*a - 40 = 2*a, a = -5*t + 64. What is the units digit of t?
2
Let n = 144 - 128. What is the units digit of n?
6
Let x = -8 + 24. What is the tens digit of x?
1
Let z = -1 - 3. Let n(w) = w**2 + 3*w + 4. What is the units digit of n(z)?
8
Suppose 0*i + 3*i = 0. Suppose 0 = -i*x - 2*x - 140. What is the units digit of (-8)/(-32) + x/(-8)?
9
Suppose 0 = -2*t + 5 - 1. Suppose b + t*l = 10, -b - 5*l + 23 = b. Suppose z - 20 = -b*z. What is the units digit of z?
4
Let r = -6 - -4. Let a be (1 + -9)*r/4. Let g(n) = 2*n. What is the units digit of g(a)?
8
Suppose -2*z = 3*z - 270. Let r = z - 21. What is the tens digit of r?
3
Suppose -2*v + 18 = -2*n, -3*v + 0*v + 4*n + 30 = 0. What is the units digit of v?
6
Suppose 4*b - 365 - 127 = 0. Suppose -4*f + s + b = 0, 2*f = -2*f - 3*s + 111. What is the tens digit of f?
3
Suppose -3*n - 24 = 3*f - 186, 4*n - 4*f = 224. Suppose 3*w + 3*y - n = -10, 2*w = -y + 27. What is the units digit of w?
2
What is the units digit of (-1372)/(-10) + 1 - 16/(-20)?
9
Suppose 0 = s - 0 - 4. Let x(d) = d**2 + 3*d + 2. Let u be x(-3). Let g = s - u. What is the units digit of g?
2
Let y(f) = -2*f + 16. Let s be y(6). Suppose -2*k = 4*u - 164, u = -s*k + k + 46. What is the units digit of u?
0
Suppose -166 = -5*i - 3*n, -1 - 22 = -i - 4*n. What is the units digit of i?
5
Let d = 86 + -85. What is the units digit of d?
1
Let c(l) = 9*l - 2. Let t be c(2). Suppose -3*h = -2*h - t. What is the tens digit of h?
1
Let n(b) = 2*b + 1. Let l be n(-1). Let w = 18 + l. What is the units digit of w?
7
Suppose 0 = 4*w - 8 - 0. Let n(q) = 34*q + 2. Let b be n(w). Suppose -k = -6*k + b. What is the units digit of k?
4
Let c be 46/8 - (-1)/4. What is the tens digit of (3 + -11)*c/(-4)?
1
Let d(h) be the first derivative of -h**2 - 2*h - 2. Let p be d(-2). Suppose -3*g = 6, -p*g + 1 = 5*a - 0*g. What is the units digit of a?
1
Let q = 199 - 111. What is the units digit of q?
8
Suppose n = s, 3*n - 2*n - 3*s + 4 = 0. What is the units digit of (-2)/n + 63/3?
0
Suppose 2*b = 0, 7*n - 2*n + 2*b = 115. What is the units digit of n?
3
Let y = -2 + 4. Let h be (y/(-2))/((-3)/9). Suppose -4*m = -2*m + o - 18, 0 = -h*o + 12. What is the units digit of m?
7
Suppose 4*v = 128 + 472. What is the tens digit of v?
5
Let u = -5 + 5. Let o be u - (-495)/(2 + 1). What is the units digit of o/35 + (-2)/(-7)?
5
Let t = -3 + 5. Suppose -u - 3*h - 4 = 0, -t*h = 4*u + h - 20. What is the units digit of u?
8
Suppose i = -v - 7, -5*i + 2*v + 32 = -10*i. Let r = i - -9. What is the units digit of r?
3
Suppose 3*w - s - 101 = -w, 0 = 5*w + 5*s - 145. What is the units digit of w?
6
Suppose -9*t + 2*t + 315 = 0. What is the tens digit of t?
4
Suppose -2*o - 2*f + 22 = 0, f - 3 = -o - 4*f. What is the tens digit of o?
1
Let a be 16/6 - 1/(-3). Let p = 2 - -14. Suppose k - p = -a*k. What is the units digit of k?
4
Let x = -47 + 85. What is the tens digit of x?
3
Let s = -223 - -103. Let d be s/9*(-6)/(-5). Let g = d + 31. What is the units digit of g?
5
Let u be -2 + (0 - 0)/3. Let p = u - 1. Let k(t) = t**2 - 2*t - 2. What is the tens digit of k(p)?
1
Suppose -s + 0 + 5 = 0. Suppose -2*u = -5*k + 10, -4*k - s*u = -32 - 9. What is the units digit of k?
4
Let s = 31 + -13. Let d = -13 + s. What is the units digit of d?
5
Suppose -2*v + 5 + 5 = 0. Suppose -v*s = -8*s - p + 8, s = 5*p + 24. What is the units digit of s?
4
Suppose 0 = -0*i - 2*i + 16. Let z = 8 - i. Suppose z = -k + 5 - 1. What is the units digit of k?
4
Suppose 2*w - 1 = -p, -w - 5*p = w + 3. Suppose 2*n - 4 = 0, -k - n = -6*k - 17. What is the units digit of w + 1 + 9 + k?
8
Suppose 3*t + 16 = -35. Let r = t + 26. What is the units digit of r?
9
Suppose 2*r + 5*m - 65 = r, 3*m = 15. Suppose p + 2*o = 24, 3*o = 3*p + o - r. What is the tens digit of p?
1
Suppose -4*q = -q - 33. Suppose 3*s - 4*s + 49 = 0. Suppose 0 = 5*c - s - q. What is the units digit of c?
2
Let a = -74 + 124. What is the units digit of a?
0
Let z = -13 - -34. Suppose 0 = -5*m + z - 86. Let p = 20 + m. What is the units digit of p?
7
Suppose -2*v + v + 1 = 0. Let z(u) = 9*u**2 + 2*u - 1. Let h be z(v). Suppose 2*j - 2 - h = 0. What is the units digit of j?
6
Let n = -3 + 5. Suppose -k + n*x - 3*x - 5 = 0, -k + x = 9. Let u = k - -19. What is the tens digit of u?
1
Suppose 0 = 5*m - 2*a, -2*m = m - a - 1. Let u be m/3 - (-40)/(-15). What is the units digit of 8 + u + 3 + -1?
8
Suppose -5*v = -2*w - 2*w + 36, -5*v + w - 24 = 0. Let h(u) = u**3 + 5*u**2 + 4*u + 3. What is the units digit of h(v)?
3
Let w = -86 - -15. Let n = -50 - w. What is the tens digit of n?
2
What is the tens digit of 208 + 1 - 7/7?
0
Suppose 0 = -3*b - 0*b + 186. What is the tens digit of b?
6
Let h = 18 + 22. What is the tens digit of h?
4
Let m(z) = -3*z. Let h be m(-1). Suppose 5*k = -0*k - 5*d + 160, h*k - d = 112. What is the units digit of (0 + 1)/(6/k)?
6
Let j(i) = -i**2 + 7*i - 5. Let f be j(5). Suppose -f*c + 3 = -12. Suppose -c*q = -7 - 8. What is the units digit of q?
5
Suppose 4*g = 2*h - 7*h + 239, -3*g = -5*h + 232. What is the units digit of h?
7
Let p(r) = r**3 - 4*r**2 - 7*r + 6. Let q be p(6). Suppose -b + q = b. What is the units digit of b?
8
Suppose -h = -3, -3*u = 4*h - 9*h + 12. Let d(v) = 10*v**2 - v + 1. Let m be d(u). Suppose -5*w + 56 = p, -p = w - 2*p - m. What is the units digit of w?
1
Suppose b + 2*b = 300. What is the tens digit of b?
0
Suppose 0 = -5*d + 148 + 202. What is the tens digit of d?
7
Let n(g) = 3*g**2 + 33*g - 15. Let h(j) = -j**2 - 11*j + 5. Let p(b) = -17*h(b) - 6*n(b). What is the units digit of p(-8)?
9
Let s be 2/(-7) - (-8)/28. Suppose -2*d - 2*d = s. Suppose d*q + q - 7 = 0. What is the units digit of q?
7
Let v = 339 - -24. What is the tens digit of v?
6
Let f = -4 + 3. Let b be 1*-1*(-4)/f. Let j(k) = k**2 + 2*k + 2. What is the units digit of j(b)?
0
Let o(i) = 2*i - 7. Let p be o(5). Let q = -6 + p. Let h = q + 4. What is the units digit of h?
1
Let u(q) be the third derivative of q**4/24 + 7*q**3/6 + 2*q**2. Let j be u(-5). Suppose 0 = j*p + 3*p - 60. What is the units digit of p?
2
Let m(d) = -d + 5. Let k be m(4). Let a be (-3*k)/((-6)/8). Suppose -6 = -3*s - a*y + 31, -4*s = -3*y - 16. What is the units digit of s?
7
Let n be ((-4)/(-6))/((-10)/(-45)). Let a(j) = -j**3 + 4*j**2 - 4*j + 3. Let p be a(n). Suppose -4*r + 5 + 15 = p. What is the units digit of r?
5
Let t be 1 + (5 - (2 - 1)). Suppose -29 = -2*g - 5*n, g - t = -g + 3*n. Let r = g + -5. What is the units digit of r?
2
Suppose -2*h - 22 = -2*u, -3*h - 45 = -4*u - 0*h. Let r = -7 + u. Suppose 0 = -m + 3 + r. What is the units digit of m?
8
Let l(x) be the first derivative of -x**3/3 - 5*x**2 - 7*x + 2. Let c be l(-5). Let j = -10 + c. What is the units digit of j?
8
Let y be (1/(-3))/((-1)/9). What is the units digit of 8 - (-5 + y + 5)?
5
Let t(p) = p**2 + 5*p + 6. Let a be t(-4). Let s = a - -7. What is the units digit of s?
9
Let c(l) = l + 11. Let m be 2/6 - 318/(-18). Let g be ((-20)/(-6))/((-6)/m). What is the units digit of c(g)?
1
What is the hundreds digit of (387 - 36/6) + -4 + 0?
3
Let y = -45 + 49. Let p be (2*13/(-2))/(-1). Suppose -w + 1 = 4*m, -p = -y*w - m + 21. What is the units digit of w?
9
Let y(p) = 7*p + 6. Let t(